f y and d?
22
Let v(l) = -29*l + 535. Let a be v(18). What is the highest common factor of a and 14?
1
Suppose 5*p - 668 = 4*r, 9*p + 553 = 13*p + 3*r. Calculate the highest common divisor of p and 24.
8
Let m = -584 + 612. What is the highest common factor of m and 32?
4
Suppose 2*h + 4 = 16. Let z = -38 - -40. Suppose 0 = -z*y - 26 + 44. What is the greatest common factor of h and y?
3
Let a be (2 - 3)*-1 - 23. Let c = a - -17. Let o be 3*c*30/(-18). Calculate the highest common divisor of o and 200.
25
Let x be (-18)/4*(-4)/3. Let q be 0/((-8)/2 + 3). Suppose q*n + 3*n - 18 = 0. What is the highest common factor of n and x?
6
Let m be 18/(-4)*8/(-3). Let q = 24 + m. Let g = 15 - 11. Calculate the greatest common divisor of q and g.
4
Let m = 212 - 198. Calculate the greatest common divisor of m and 98.
14
Let b be (6 + -15)*(-2)/(-3). Suppose -5*m - 44 = 136. Let s be m/(-27) - 40/b. What is the highest common factor of 8 and s?
8
Suppose 12*c + 24 = 18*c. Suppose -2*f + q + 112 = -123, -c*q - 20 = 0. Calculate the greatest common divisor of 23 and f.
23
Suppose 3*q = -q - 220. Let m be -3 + (5*q - -2). Let v = -114 - m. Calculate the greatest common factor of v and 18.
18
Let d(c) = -c + 12. Let j be d(13). Let z be 1 + j + -1 + 10. Let n(g) = 16*g + 3. Let a be n(6). Calculate the highest common divisor of z and a.
9
Let d(s) = s**3 - 8*s**2 + 11*s + 14. Let m be d(6). Let t = 41 - m. Suppose 8 = -0*g + 2*g, x - 23 = -3*g. Calculate the highest common factor of t and x.
11
Let d be (4/(-6))/(6/39)*-75. Suppose 3*c - 2*w - 3*w = d, -495 = -5*c - w. What is the greatest common factor of 25 and c?
25
Suppose -5*q - 1 = -56. Calculate the greatest common factor of q and 781.
11
Suppose 4*z - 45 - 1 = 2*j, -17 = -3*z - 2*j. Let y(r) = -32*r - 3. Let x be y(-6). What is the greatest common factor of x and z?
9
Suppose 4*j = -0*j. Suppose 0*i - 4*h - 108 = -i, j = -2*i + 3*h + 191. Let a be (7 - (-72)/(-8))/(2/(-8)). Calculate the greatest common divisor of a and i.
8
Let z(g) = g**2 + 2*g - 112. Let y be z(-12). What is the greatest common divisor of 84 and y?
4
Let l = 38 + -17. Let n(u) = 2*u**3 + 3*u**2 - 9*u + 9. Let p be n(3). Calculate the greatest common divisor of l and p.
21
Let w(z) = z + 3 - 6 + 0 - 8. Let m be w(11). Suppose 2*r - r - 2*s - 46 = m, -2*s = r - 42. Calculate the greatest common factor of 4 and r.
4
Suppose -24 = 3*l - 87. What is the greatest common factor of 28 and l?
7
Let y = -631 + 277. Let v = -68 + -165. Let s = v - y. Calculate the highest common divisor of s and 11.
11
Let l(k) = 42*k - 221. Let j be l(8). Calculate the highest common factor of 437 and j.
23
Suppose -61*x + 60*x = 45. Let a = -17 - x. What is the highest common divisor of 7 and a?
7
Let a(k) = k**3 + 8*k**2 + 6*k - 8. Let v be a(-7). Let d(p) = -75*p**3 - p**2 + p + 2. Let n be d(v). Calculate the greatest common factor of 15 and n.
15
Let g = -95 + 143. Let r be (-2 - -22)/(2/6). Suppose 0 = 12*v - 7*v - r. Calculate the greatest common divisor of v and g.
12
Let z(v) = 2*v**2 + 26*v - 49. Let m be z(-15). What is the greatest common divisor of 44 and m?
11
Suppose -w - 19*w = -7520. What is the greatest common divisor of w and 329?
47
Let g(o) = 4*o + 49. Let c be g(-8). Let y = -3 + 7. Suppose -y*r + 34 = -3*r. Calculate the highest common factor of r and c.
17
Suppose 4*s + 3*j - 121 = 0, -76 = -3*s + 5*j + 51. What is the greatest common factor of s and 153?
17
Suppose 87 - 251 = -2*p. Suppose 5*s = 5*j + 350, -s - p = -2*s - 5*j. Suppose s = x + x. Calculate the greatest common divisor of x and 24.
12
Let r = -50 - -58. Calculate the highest common divisor of r and 76.
4
Suppose 7*j - 4 = 3. Suppose -m + 35 = -j. Let d be 36*((-5)/(-2) - 2). What is the highest common factor of m and d?
18
Let t = -16 - -24. Suppose 0 = u + u - t. Suppose 0 = j - u. Calculate the highest common divisor of j and 1.
1
Let o(a) = 5*a**2 - 19. Let d be o(3). Calculate the greatest common factor of d and 286.
26
Let k(c) = -24*c - 247. Let r be k(-12). What is the highest common divisor of r and 410?
41
Let i(d) = -d**3 + d**2 + 3*d + 1. Let m be i(0). Let k(n) = 164*n**3 + n**2 - 2*n + 2. Let l be k(m). Calculate the highest common factor of l and 15.
15
Let y(z) be the first derivative of -2*z**3/3 + 10*z**2 + 4*z + 26. Let u be y(10). Calculate the greatest common divisor of 44 and u.
4
Suppose 0 = 4*a - 9 + 1. Let k(p) = -p**3 - p**2 - p + 2. Let h be k(a). Let g be (-42)/(-9)*h/(-8). Calculate the greatest common factor of 14 and g.
7
Let n = 1508 - 1318. What is the greatest common divisor of 15 and n?
5
Let i be (-5)/15*(-111 + 6). Calculate the highest common divisor of 35 and i.
35
Let p be (-16)/(-48) + (-1145)/(-30)*4. Calculate the greatest common divisor of p and 17.
17
Let w(a) = -7*a + 13. Let s(c) = -3*c + 7. Let x(b) = 9*s(b) - 4*w(b). Let o be x(5). Let r be 4/(o/36) - 2. What is the highest common factor of 28 and r?
7
Suppose 4*h - 4*f = -48, -5*h + 2*f - 30 = 18. Let d be (-3)/(-4) - 26/h. Calculate the highest common divisor of d and 2.
2
Suppose -64*s = -59*s + 145. Let k = 50 + s. Calculate the highest common divisor of k and 7.
7
Let p be -6 + 3 - (-2 - 4). Suppose -5*i = -0*i + p*g - 15, 0 = 4*g. Let y = i - -8. What is the highest common factor of 44 and y?
11
Let r(w) = 15*w - 273. Let l be r(23). Calculate the greatest common factor of 2088 and l.
72
Suppose -n - 4*b + 10 = -0*b, 2 = b. Let k be (-5)/n*(-484)/5. What is the greatest common divisor of 22 and k?
22
Let j be 8988/30 - 4/(-10). Calculate the greatest common divisor of j and 400.
100
Suppose -67*h = -23204 - 41250. Calculate the highest common divisor of h and 104.
26
Suppose -b = 5*f + b - 92, 0 = 3*f - 5*b - 80. Suppose 5*z - 569 + 44 = -5*w, z + 3*w - 115 = 0. What is the highest common divisor of z and f?
20
Suppose -4*q + 5*q - 4*d - 547 = 0, d - 1615 = -3*q. Calculate the greatest common factor of q and 49.
49
Let q be (-165 - 0)/((-18)/48). Let a(p) = p - 1. Let o be a(3). Suppose -3*i + q = o*i. Calculate the greatest common divisor of i and 11.
11
Suppose s + 276 = 4*u, -2*u + 69 = -u + s. What is the highest common factor of u and 2829?
69
Let c(i) = i**3 - 10*i**2 - 7*i - 33. Let v be c(11). What is the highest common factor of 143 and v?
11
Let u = -1102 + 1234. Calculate the highest common factor of u and 36.
12
Let l = -122 - -182. Suppose s = 5*s + l. Let k be 48/s*(0 + -5). Calculate the greatest common factor of 64 and k.
16
Suppose -7*c - 29 = -m - 11*c, 0 = 2*m + 4*c - 50. Calculate the highest common factor of 70 and m.
7
Let b be (3 + -2 - -4) + 84 + 5. Calculate the greatest common divisor of b and 235.
47
Let q(s) = s**2 + 17*s + 2. Let n be q(-6). Let d = -47 - n. Calculate the greatest common factor of d and 136.
17
Let l = 66 + -63. Suppose -i - 3*i = l*c - 120, 5*c - 200 = -2*i. Let t be 1/3 + (-23)/(-3). What is the highest common divisor of c and t?
8
Let f = -116 + 138. Calculate the highest common divisor of f and 209.
11
Let l = 2 + 2. Suppose l*w = -2*w + 198. What is the greatest common divisor of w and 22?
11
Suppose 550 - 2068 = -6*j. What is the highest common divisor of 11 and j?
11
Let f = -21 - -8. Let c = 48 + f. Calculate the greatest common factor of 7 and c.
7
Suppose 0 = -39*u - 1065 + 3522. What is the highest common divisor of u and 21?
21
Let v = -33 - -11. Let o = v + 27. Suppose 4*z - 53 + o = 0. What is the greatest common factor of z and 84?
12
Let c = 11 + -11. Let q(n) = -n + 40. Let j be q(c). What is the greatest common divisor of 16 and j?
8
Suppose 0 = -4*f + 5*d + 76, 3*d - 16 = 5*f - 124. What is the greatest common divisor of f and 2592?
24
Let i(v) = v**2 + v. Let p(k) = -4*k**2 - 8*k - 4. Let z(a) = -3*i(a) - p(a). Let l be z(-7). What is the greatest common factor of 36 and l?
18
Suppose -2*v - p = 0, 0 = -v - p + 2*p + 6. Let y(g) = g**v + 7 + 0 - 2*g**2 - 12*g. Let z be y(-9). Calculate the greatest common factor of z and 17.
17
Suppose 178 = 5*p + 4*d - 28, -p = 2*d - 46. Calculate the greatest common factor of p and 608.
38
Suppose 0 = 6*f - 181 - 11. Suppose -2*j + 45 = j. Let a be 5/2*48/j. What is the highest common divisor of f and a?
8
Suppose -15*f = -4788 - 762. What is the greatest common 